{"id":3404,"date":"2020-06-16T19:20:52","date_gmt":"2020-06-16T18:20:52","guid":{"rendered":"https:\/\/vvp.avu.cz\/current-issue-3\/"},"modified":"2022-04-27T22:15:29","modified_gmt":"2022-04-27T21:15:29","slug":"current-issue-3","status":"publish","type":"page","link":"https:\/\/vvp.avu.cz\/en\/notebook\/current-issue-3\/","title":{"rendered":"Current issue"},"content":{"rendered":"<h3>2020 \/\u00a0The Notebook for Art, Theory and Related Zones 28<\/h3>\n<p>&nbsp;<\/p>\n<p>The 28th issue of the peer-reviewed journal <em>Notebook for Art, Theory and Related Zones<\/em> offers a somewhat narrower range of essays and book reviews than is usual for non-thematic issues.<br \/>\nWe<img loading=\"lazy\" class=\" size-medium wp-image-2690 alignleft\" src=\"https:\/\/vvp.avu.cz\/app\/uploads\/2018\/01\/obal-300x431.png\" alt=\"[cml_media_alt id='2690']obal[\/cml_media_alt]\" width=\"300\" height=\"431\" \/> kick off with a review of <em>Networking the Bloc <\/em>(2019) by Klara Kemp-Welch, in which Jan Wollner examines how the British researcher approaches the experimental art of the 1060s\u201380s. Johana Lomov\u00e1 then writes about the more serious side of the Golden Sixties and looks at how censorship operated in art journals of that time. The next three contributions think critically about the role of architecture. Michaela Jane\u010dkov\u00e1 writes about the concept of energetism as understood by Karel Jan\u016f. Karolina Jirkalov\u00e1 discusses the significance and impact of Resolution 333\/1982 on the construction industry, after which Kl\u00e1ra Pelou\u0161kov\u00e1 writes about the current boundaries and possibilities of architecture and design. This issue ends with a review by the Slovak theorist of architecture Mari\u00e1n Zervan of the anthology <em>Euro-American Architectural Thinking <\/em>(2018).<\/p>\n","protected":false},"excerpt":{"rendered":"<p>2020 \/\u00a0The Notebook for Art, Theory and Related Zones 28 &nbsp; The 28th issue of the peer-reviewed journal Notebook for Art, Theory and Related Zones offers a somewhat narrower range of essays and book reviews than is usual for non-thematic issues. We kick off with a review of Networking the Bloc (2019) by Klara Kemp-Welch, [&hellip;]<\/p>\n","protected":false},"author":3,"featured_media":0,"parent":3550,"menu_order":65,"comment_status":"closed","ping_status":"closed","template":"","meta":{"inline_featured_image":false},"acf":[],"yoast_head":"<!-- This site is optimized with the Yoast SEO plugin v19.6.1 - https:\/\/yoast.com\/wordpress\/plugins\/seo\/ -->\n<title>Current issue - VVP AVU<\/title>\n<meta name=\"robots\" content=\"index, follow, max-snippet:-1, max-image-preview:large, max-video-preview:-1\" \/>\n<link rel=\"canonical\" href=\"https:\/\/vvp.avu.cz\/en\/notebook\/current-issue-3\/\" \/>\n<meta property=\"og:locale\" content=\"en_US\" \/>\n<meta property=\"og:type\" content=\"article\" \/>\n<meta property=\"og:title\" content=\"Current issue - VVP AVU\" \/>\n<meta property=\"og:description\" content=\"2020 \/\u00a0The Notebook for Art, Theory and Related Zones 28 &nbsp; The 28th issue of the peer-reviewed journal Notebook for Art, Theory and Related Zones offers a somewhat narrower range of essays and book reviews than is usual for non-thematic issues. We kick off with a review of Networking the Bloc (2019) by Klara Kemp-Welch, [&hellip;]\" \/>\n<meta property=\"og:url\" content=\"https:\/\/vvp.avu.cz\/en\/notebook\/current-issue-3\/\" \/>\n<meta property=\"og:site_name\" content=\"VVP AVU\" \/>\n<meta property=\"article:publisher\" content=\"https:\/\/www.facebook.com\/VVPAVU\/\" \/>\n<meta property=\"article:modified_time\" content=\"2022-04-27T21:15:29+00:00\" \/>\n<meta property=\"og:image\" content=\"https:\/\/vvp.avu.cz\/app\/uploads\/2018\/01\/obal-300x431.png\" \/>\n<meta name=\"twitter:card\" content=\"summary_large_image\" \/>\n<meta name=\"twitter:label1\" content=\"Est. reading time\" \/>\n\t<meta name=\"twitter:data1\" content=\"1 minute\" \/>\n<script type=\"application\/ld+json\" class=\"yoast-schema-graph\">{\"@context\":\"https:\/\/schema.org\",\"@graph\":[{\"@type\":\"WebPage\",\"@id\":\"https:\/\/vvp.avu.cz\/en\/notebook\/current-issue-3\/\",\"url\":\"https:\/\/vvp.avu.cz\/en\/notebook\/current-issue-3\/\",\"name\":\"Current issue - VVP AVU\",\"isPartOf\":{\"@id\":\"https:\/\/vvp.avu.cz\/en\/#website\"},\"datePublished\":\"2020-06-16T18:20:52+00:00\",\"dateModified\":\"2022-04-27T21:15:29+00:00\",\"breadcrumb\":{\"@id\":\"https:\/\/vvp.avu.cz\/en\/notebook\/current-issue-3\/#breadcrumb\"},\"inLanguage\":\"en-US\",\"potentialAction\":[{\"@type\":\"ReadAction\",\"target\":[\"https:\/\/vvp.avu.cz\/en\/notebook\/current-issue-3\/\"]}]},{\"@type\":\"BreadcrumbList\",\"@id\":\"https:\/\/vvp.avu.cz\/en\/notebook\/current-issue-3\/#breadcrumb\",\"itemListElement\":[{\"@type\":\"ListItem\",\"position\":1,\"name\":\"Dom\u016f\",\"item\":\"https:\/\/vvp.avu.cz\/en\/\"},{\"@type\":\"ListItem\",\"position\":2,\"name\":\"Notebook\",\"item\":\"https:\/\/vvp.avu.cz\/en\/notebook\/\"},{\"@type\":\"ListItem\",\"position\":3,\"name\":\"Current issue\"}]},{\"@type\":\"WebSite\",\"@id\":\"https:\/\/vvp.avu.cz\/en\/#website\",\"url\":\"https:\/\/vvp.avu.cz\/en\/\",\"name\":\"VVP AVU\",\"description\":\"posilujeme v\u00fdzkum a v\u011bdu o um\u011bn\u00ed a otev\u00edr\u00e1me ji ve\u0159ejnosti\",\"potentialAction\":[{\"@type\":\"SearchAction\",\"target\":{\"@type\":\"EntryPoint\",\"urlTemplate\":\"https:\/\/vvp.avu.cz\/en\/?s={search_term_string}\"},\"query-input\":\"required name=search_term_string\"}],\"inLanguage\":\"en-US\"}]}<\/script>\n<!-- \/ Yoast SEO plugin. -->","yoast_head_json":{"title":"Current issue - VVP AVU","robots":{"index":"index","follow":"follow","max-snippet":"max-snippet:-1","max-image-preview":"max-image-preview:large","max-video-preview":"max-video-preview:-1"},"canonical":"https:\/\/vvp.avu.cz\/en\/notebook\/current-issue-3\/","og_locale":"en_US","og_type":"article","og_title":"Current issue - VVP AVU","og_description":"2020 \/\u00a0The Notebook for Art, Theory and Related Zones 28 &nbsp; The 28th issue of the peer-reviewed journal Notebook for Art, Theory and Related Zones offers a somewhat narrower range of essays and book reviews than is usual for non-thematic issues. We kick off with a review of Networking the Bloc (2019) by Klara Kemp-Welch, [&hellip;]","og_url":"https:\/\/vvp.avu.cz\/en\/notebook\/current-issue-3\/","og_site_name":"VVP AVU","article_publisher":"https:\/\/www.facebook.com\/VVPAVU\/","article_modified_time":"2022-04-27T21:15:29+00:00","og_image":[{"url":"https:\/\/vvp.avu.cz\/app\/uploads\/2018\/01\/obal-300x431.png"}],"twitter_card":"summary_large_image","twitter_misc":{"Est. reading time":"1 minute"},"schema":{"@context":"https:\/\/schema.org","@graph":[{"@type":"WebPage","@id":"https:\/\/vvp.avu.cz\/en\/notebook\/current-issue-3\/","url":"https:\/\/vvp.avu.cz\/en\/notebook\/current-issue-3\/","name":"Current issue - VVP AVU","isPartOf":{"@id":"https:\/\/vvp.avu.cz\/en\/#website"},"datePublished":"2020-06-16T18:20:52+00:00","dateModified":"2022-04-27T21:15:29+00:00","breadcrumb":{"@id":"https:\/\/vvp.avu.cz\/en\/notebook\/current-issue-3\/#breadcrumb"},"inLanguage":"en-US","potentialAction":[{"@type":"ReadAction","target":["https:\/\/vvp.avu.cz\/en\/notebook\/current-issue-3\/"]}]},{"@type":"BreadcrumbList","@id":"https:\/\/vvp.avu.cz\/en\/notebook\/current-issue-3\/#breadcrumb","itemListElement":[{"@type":"ListItem","position":1,"name":"Dom\u016f","item":"https:\/\/vvp.avu.cz\/en\/"},{"@type":"ListItem","position":2,"name":"Notebook","item":"https:\/\/vvp.avu.cz\/en\/notebook\/"},{"@type":"ListItem","position":3,"name":"Current issue"}]},{"@type":"WebSite","@id":"https:\/\/vvp.avu.cz\/en\/#website","url":"https:\/\/vvp.avu.cz\/en\/","name":"VVP AVU","description":"posilujeme v\u00fdzkum a v\u011bdu o um\u011bn\u00ed a otev\u00edr\u00e1me ji ve\u0159ejnosti","potentialAction":[{"@type":"SearchAction","target":{"@type":"EntryPoint","urlTemplate":"https:\/\/vvp.avu.cz\/en\/?s={search_term_string}"},"query-input":"required name=search_term_string"}],"inLanguage":"en-US"}]}},"_links":{"self":[{"href":"https:\/\/vvp.avu.cz\/en\/wp-json\/wp\/v2\/pages\/3404"}],"collection":[{"href":"https:\/\/vvp.avu.cz\/en\/wp-json\/wp\/v2\/pages"}],"about":[{"href":"https:\/\/vvp.avu.cz\/en\/wp-json\/wp\/v2\/types\/page"}],"author":[{"embeddable":true,"href":"https:\/\/vvp.avu.cz\/en\/wp-json\/wp\/v2\/users\/3"}],"replies":[{"embeddable":true,"href":"https:\/\/vvp.avu.cz\/en\/wp-json\/wp\/v2\/comments?post=3404"}],"version-history":[{"count":1,"href":"https:\/\/vvp.avu.cz\/en\/wp-json\/wp\/v2\/pages\/3404\/revisions"}],"predecessor-version":[{"id":3434,"href":"https:\/\/vvp.avu.cz\/en\/wp-json\/wp\/v2\/pages\/3404\/revisions\/3434"}],"up":[{"embeddable":true,"href":"https:\/\/vvp.avu.cz\/en\/wp-json\/wp\/v2\/pages\/3550"}],"wp:attachment":[{"href":"https:\/\/vvp.avu.cz\/en\/wp-json\/wp\/v2\/media?parent=3404"}],"curies":[{"name":"wp","href":"https:\/\/api.w.org\/{rel}","templated":true}]}}

<h3>2020 / The Notebook for Art, Theory and Related Zones 28</h3>
<p>&nbsp;</p>
<p>The 28th issue of the peer-reviewed journal <em>Notebook for Art, Theory and Related Zones</em> offers a somewhat narrower range of essays and book reviews than is usual for non-thematic issues.<br />
We<img loading="lazy" class=" size-medium wp-image-2690 alignleft" src="https://vvp.avu.cz/app/uploads/2018/01/obal-300x431.png" alt="[cml_media_alt id='2690']obal[/cml_media_alt]" width="300" height="431" /> kick off with a review of <em>Networking the Bloc </em>(2019) by Klara Kemp-Welch, in which Jan Wollner examines how the British researcher approaches the experimental art of the 1060s–80s. Johana Lomová then writes about the more serious side of the Golden Sixties and looks at how censorship operated in art journals of that time. The next three contributions think critically about the role of architecture. Michaela Janečková writes about the concept of energetism as understood by Karel Janů. Karolina Jirkalová discusses the significance and impact of Resolution 333/1982 on the construction industry, after which Klára Peloušková writes about the current boundaries and possibilities of architecture and design. This issue ends with a review by the Slovak theorist of architecture Marián Zervan of the anthology <em>Euro-American Architectural Thinking </em>(2018).</p>

<!-- This site is optimized with the Yoast SEO plugin v19.6.1 - https://yoast.com/wordpress/plugins/seo/ -->
<title>Current issue - VVP AVU</title>
<meta name="robots" content="index, follow, max-snippet:-1, max-image-preview:large, max-video-preview:-1" />
<link rel="canonical" href="https://vvp.avu.cz/en/notebook/current-issue-3/" />
<meta property="og:locale" content="en_US" />
<meta property="og:type" content="article" />
<meta property="og:title" content="Current issue - VVP AVU" />
<meta property="og:description" content="2020 / The Notebook for Art, Theory and Related Zones 28 &nbsp; The 28th issue of the peer-reviewed journal Notebook for Art, Theory and Related Zones offers a somewhat narrower range of essays and book reviews than is usual for non-thematic issues. We kick off with a review of Networking the Bloc (2019) by Klara Kemp-Welch, [&hellip;]" />
<meta property="og:url" content="https://vvp.avu.cz/en/notebook/current-issue-3/" />
<meta property="og:site_name" content="VVP AVU" />
<meta property="article:publisher" content="https://www.facebook.com/VVPAVU/" />
<meta property="article:modified_time" content="2022-04-27T21:15:29+00:00" />
<meta property="og:image" content="https://vvp.avu.cz/app/uploads/2018/01/obal-300x431.png" />
<meta name="twitter:card" content="summary_large_image" />
<meta name="twitter:label1" content="Est. reading time" />
	<meta name="twitter:data1" content="1 minute" />
<script type="application/ld+json" class="yoast-schema-graph">{"@context":"https://schema.org","@graph":[{"@type":"WebPage","@id":"https://vvp.avu.cz/en/notebook/current-issue-3/","url":"https://vvp.avu.cz/en/notebook/current-issue-3/","name":"Current issue - VVP AVU","isPartOf":{"@id":"https://vvp.avu.cz/en/#website"},"datePublished":"2020-06-16T18:20:52+00:00","dateModified":"2022-04-27T21:15:29+00:00","breadcrumb":{"@id":"https://vvp.avu.cz/en/notebook/current-issue-3/#breadcrumb"},"inLanguage":"en-US","potentialAction":[{"@type":"ReadAction","target":["https://vvp.avu.cz/en/notebook/current-issue-3/"]}]},{"@type":"BreadcrumbList","@id":"https://vvp.avu.cz/en/notebook/current-issue-3/#breadcrumb","itemListElement":[{"@type":"ListItem","position":1,"name":"Domů","item":"https://vvp.avu.cz/en/"},{"@type":"ListItem","position":2,"name":"Notebook","item":"https://vvp.avu.cz/en/notebook/"},{"@type":"ListItem","position":3,"name":"Current issue"}]},{"@type":"WebSite","@id":"https://vvp.avu.cz/en/#website","url":"https://vvp.avu.cz/en/","name":"VVP AVU","description":"posilujeme výzkum a vědu o umění a otevíráme ji veřejnosti","potentialAction":[{"@type":"SearchAction","target":{"@type":"EntryPoint","urlTemplate":"https://vvp.avu.cz/en/?s={search_term_string}"},"query-input":"required name=search_term_string"}],"inLanguage":"en-US"}]}</script>
<!-- / Yoast SEO plugin. -->

Domů

posilujeme výzkum a vědu o umění a otevíráme ji veřejnosti
