{"id":3538,"date":"2014-11-06T14:01:09","date_gmt":"2014-11-06T13:01:09","guid":{"rendered":"https:\/\/vvp.avu.cz\/videoart-cycle\/"},"modified":"2022-04-27T22:15:30","modified_gmt":"2022-04-27T21:15:30","slug":"videoart-cycle","status":"publish","type":"page","link":"https:\/\/vvp.avu.cz\/en\/videoart-cycle\/","title":{"rendered":"Videoart Cycle"},"content":{"rendered":"<p>The public screenings of curatorial selections from the AVU Research Centre video archive.<\/p>\n<h3>\n20 November 2012 \/ videoart VI \/ VIDEOKINO AT THE START OF THE CENTURY<\/h3>\n<p>The exhibition Beginnings of the Century presented Czech visual art of the first decade of the 21st century in spring 2012 at the Central Bohemia Gallery in Plze\u0148. Pavl\u00edna Morganov\u00e1, who created the show, attempted to uncover the most crucial elements that influenced the latest generation of Czech artists. The exhibition included a videokino with four-hour programme divided into three parts: video performance, the possibilities of media, and stories. Exclusively repeated at Caf\u00e9 Sladkovsk\u00fd.<\/p>\n<p>Introduced by Pavl\u00edna Morganov\u00e1, Sl\u00e1va Sobotovi\u010dov\u00e1 and Blanka \u0160v\u00e9dov\u00e1<\/p>\n<h3>16 October 2012 \/ videoart V \/ JI\u0158\u00cd \u010cERNICK\u00dd<\/h3>\n<p>Ji\u0159\u00ed \u010cernick\u00fd (b. 1966) works with a wide range of media. He treats video as the mediator of information hidden behind the image, appropriates film material, fills space, makes time visible, and layers mental traces. At the Caf\u00e9 Sladkovsk\u00fd he presented his latest works in the sphere of moving image and spoke of their links to his other work.<\/p>\n<p>Introduced by Sl\u00e1va Sobotovi\u010dov\u00e1 and Blanka \u0160v\u00e9dov\u00e1<\/p>\n<h3>22 May 2012 \/ videoart IV \/ \u201cSMET BROS\u201d: MAT\u011aJ AND FILIP SMETANA<\/h3>\n<p>Mat\u011bj and Filip are brothers. Both are artists who studied at FaVU, Brno. Mat\u011bj (b. 1980) is mainly interested in the animated image, Filip (b. 1983) in object and installation. Both question the desire of 60s minimalism for perfection and both like cars and films. Both work with the possibilities of perception, materiality and process.<\/p>\n<p>Introduced by Terezie Nekvindov\u00e1 and Sl\u00e1va Sobotovi\u010dov\u00e1<\/p>\n<h3>13 March 2012 \/ videoart III \/ Denisa V\u00c1CLAVOV\u00c1, AN EVENING OF CONTEMPORARY CZECH VIDEO ART (a reverberation of the Prague Quadrennial 2011)<\/h3>\n<p>The curator Denisa V\u00e1clavov\u00e1 (www.ctyridny.cz) offered her take of contemporary Czech video art at this year\u2019s Prague Quadrennial. The films shown displayed various approaches and themes of Czech site-specific, video-performance, video installation, visually interventional and conceptual, political and social documentary video art.<\/p>\n<p>Artists presented:<br \/>\nDu\u0161an Zahoransk\u00fd \/\/ Tom\u00e1\u0161 Svoboda \/\/ Zbyn\u011bk Baladr\u00e1n \/\/ Eva Ji\u0159i\u010dka \/\/ Jan N\u00e1levka \/\/ Adam Va\u010dk\u00e1\u0159 \/\/ Aneta Mona Chisa + Lucie Tk\u00e1\u010dov\u00e1 \/\/ Jakub Nepra\u0161 \/\/ Sl\u00e1va Sobotovi\u010dov\u00e1 \/\/ Radim Labuda \/\/ Ond\u0159ej Brody \/\/ Michal P\u011bchou\u010dek \/\/ Jan Pfeiffer \/\/ Martin Kohout \/\/ Marek Ther<\/p>\n<p>Introduced by Terezie Nekvindov\u00e1 and Sl\u00e1va Sobotovi\u010dov\u00e1<\/p>\n<h3>24 May 2011 \/ videoart II \/ ESTER GEISLEROV\u00c1 AND JAN KADLEC<\/h3>\n<p>The filmmaking duo Ester Geislerov\u00e1 and Jan Kadlec have intersected many times, almost unwittingly yet precisely. Independently of each other they question the meaning of creativity and encounter each other in a subtle and lightly chilled eroticism. Both artists have appeared in each other\u2019s films, not as actors but rather as mirrors, close up and in a harsh light.<\/p>\n<p>Ester Geislerov\u00e1 (b. 1984) graduated from AVU in 2012, Jan Kadlec (b. 1976) graduated from AVU in 2002 and now works at FAMU.<\/p>\n<p>Introduced by Terezie Nekvindov\u00e1 and Sl\u00e1va Sobotovi\u010dov\u00e1<\/p>\n<h3>26 April 2011 \/ videoart I \/ V\u00cdT SOUKUP &amp; MICHAL P\u011aCHOU\u010cEK<\/h3>\n<p>Michal P\u011bchou\u010dek (b. 1973) introduced his own videos and those of his friend, the painter and performer V\u00edt Soukup (1971\u20132007). At the end of the 1990s P\u011bchou\u010dek wore a sweat shirt with SOUKUP sewn by hand on the chest. When he slept at the Soukup\u2019s studio his bed was made of gazelle skin.<\/p>\n<p>Introduced by Terezie Nekvindov\u00e1 and Sl\u00e1va Sobotovi\u010dov\u00e1<\/p>\n","protected":false},"excerpt":{"rendered":"<p>The public screenings of curatorial selections from the AVU Research Centre video archive. 20 November 2012 \/ videoart VI \/ VIDEOKINO AT THE START OF THE CENTURY The exhibition Beginnings of the Century presented Czech visual art of the first decade of the 21st century in spring 2012 at the Central Bohemia Gallery in Plze\u0148. [&hellip;]<\/p>\n","protected":false},"author":5,"featured_media":0,"parent":0,"menu_order":138,"comment_status":"closed","ping_status":"open","template":"","meta":{"inline_featured_image":false},"acf":[],"yoast_head":"<!-- This site is optimized with the Yoast SEO plugin v19.6.1 - https:\/\/yoast.com\/wordpress\/plugins\/seo\/ -->\n<title>Videoart Cycle - VVP AVU<\/title>\n<meta name=\"robots\" content=\"index, follow, max-snippet:-1, max-image-preview:large, max-video-preview:-1\" \/>\n<link rel=\"canonical\" href=\"https:\/\/vvp.avu.cz\/en\/videoart-cycle\/\" \/>\n<meta property=\"og:locale\" content=\"en_US\" \/>\n<meta property=\"og:type\" content=\"article\" \/>\n<meta property=\"og:title\" content=\"Videoart Cycle - VVP AVU\" \/>\n<meta property=\"og:description\" content=\"The public screenings of curatorial selections from the AVU Research Centre video archive. 20 November 2012 \/ videoart VI \/ VIDEOKINO AT THE START OF THE CENTURY The exhibition Beginnings of the Century presented Czech visual art of the first decade of the 21st century in spring 2012 at the Central Bohemia Gallery in Plze\u0148. [&hellip;]\" \/>\n<meta property=\"og:url\" content=\"https:\/\/vvp.avu.cz\/en\/videoart-cycle\/\" \/>\n<meta property=\"og:site_name\" content=\"VVP AVU\" \/>\n<meta property=\"article:publisher\" content=\"https:\/\/www.facebook.com\/VVPAVU\/\" \/>\n<meta property=\"article:modified_time\" content=\"2022-04-27T21:15:30+00:00\" \/>\n<meta name=\"twitter:card\" content=\"summary_large_image\" \/>\n<meta name=\"twitter:label1\" content=\"Est. reading time\" \/>\n\t<meta name=\"twitter:data1\" content=\"3 minutes\" \/>\n<script type=\"application\/ld+json\" class=\"yoast-schema-graph\">{\"@context\":\"https:\/\/schema.org\",\"@graph\":[{\"@type\":\"WebPage\",\"@id\":\"https:\/\/vvp.avu.cz\/en\/videoart-cycle\/\",\"url\":\"https:\/\/vvp.avu.cz\/en\/videoart-cycle\/\",\"name\":\"Videoart Cycle - VVP AVU\",\"isPartOf\":{\"@id\":\"https:\/\/vvp.avu.cz\/en\/#website\"},\"datePublished\":\"2014-11-06T13:01:09+00:00\",\"dateModified\":\"2022-04-27T21:15:30+00:00\",\"breadcrumb\":{\"@id\":\"https:\/\/vvp.avu.cz\/en\/videoart-cycle\/#breadcrumb\"},\"inLanguage\":\"en-US\",\"potentialAction\":[{\"@type\":\"ReadAction\",\"target\":[\"https:\/\/vvp.avu.cz\/en\/videoart-cycle\/\"]}]},{\"@type\":\"BreadcrumbList\",\"@id\":\"https:\/\/vvp.avu.cz\/en\/videoart-cycle\/#breadcrumb\",\"itemListElement\":[{\"@type\":\"ListItem\",\"position\":1,\"name\":\"Dom\u016f\",\"item\":\"https:\/\/vvp.avu.cz\/en\/\"},{\"@type\":\"ListItem\",\"position\":2,\"name\":\"Videoart Cycle\"}]},{\"@type\":\"WebSite\",\"@id\":\"https:\/\/vvp.avu.cz\/en\/#website\",\"url\":\"https:\/\/vvp.avu.cz\/en\/\",\"name\":\"VVP AVU\",\"description\":\"posilujeme v\u00fdzkum a v\u011bdu o um\u011bn\u00ed a otev\u00edr\u00e1me ji ve\u0159ejnosti\",\"potentialAction\":[{\"@type\":\"SearchAction\",\"target\":{\"@type\":\"EntryPoint\",\"urlTemplate\":\"https:\/\/vvp.avu.cz\/en\/?s={search_term_string}\"},\"query-input\":\"required name=search_term_string\"}],\"inLanguage\":\"en-US\"}]}<\/script>\n<!-- \/ Yoast SEO plugin. -->","yoast_head_json":{"title":"Videoart Cycle - VVP AVU","robots":{"index":"index","follow":"follow","max-snippet":"max-snippet:-1","max-image-preview":"max-image-preview:large","max-video-preview":"max-video-preview:-1"},"canonical":"https:\/\/vvp.avu.cz\/en\/videoart-cycle\/","og_locale":"en_US","og_type":"article","og_title":"Videoart Cycle - VVP AVU","og_description":"The public screenings of curatorial selections from the AVU Research Centre video archive. 20 November 2012 \/ videoart VI \/ VIDEOKINO AT THE START OF THE CENTURY The exhibition Beginnings of the Century presented Czech visual art of the first decade of the 21st century in spring 2012 at the Central Bohemia Gallery in Plze\u0148. [&hellip;]","og_url":"https:\/\/vvp.avu.cz\/en\/videoart-cycle\/","og_site_name":"VVP AVU","article_publisher":"https:\/\/www.facebook.com\/VVPAVU\/","article_modified_time":"2022-04-27T21:15:30+00:00","twitter_card":"summary_large_image","twitter_misc":{"Est. reading time":"3 minutes"},"schema":{"@context":"https:\/\/schema.org","@graph":[{"@type":"WebPage","@id":"https:\/\/vvp.avu.cz\/en\/videoart-cycle\/","url":"https:\/\/vvp.avu.cz\/en\/videoart-cycle\/","name":"Videoart Cycle - VVP AVU","isPartOf":{"@id":"https:\/\/vvp.avu.cz\/en\/#website"},"datePublished":"2014-11-06T13:01:09+00:00","dateModified":"2022-04-27T21:15:30+00:00","breadcrumb":{"@id":"https:\/\/vvp.avu.cz\/en\/videoart-cycle\/#breadcrumb"},"inLanguage":"en-US","potentialAction":[{"@type":"ReadAction","target":["https:\/\/vvp.avu.cz\/en\/videoart-cycle\/"]}]},{"@type":"BreadcrumbList","@id":"https:\/\/vvp.avu.cz\/en\/videoart-cycle\/#breadcrumb","itemListElement":[{"@type":"ListItem","position":1,"name":"Dom\u016f","item":"https:\/\/vvp.avu.cz\/en\/"},{"@type":"ListItem","position":2,"name":"Videoart Cycle"}]},{"@type":"WebSite","@id":"https:\/\/vvp.avu.cz\/en\/#website","url":"https:\/\/vvp.avu.cz\/en\/","name":"VVP AVU","description":"posilujeme v\u00fdzkum a v\u011bdu o um\u011bn\u00ed a otev\u00edr\u00e1me ji ve\u0159ejnosti","potentialAction":[{"@type":"SearchAction","target":{"@type":"EntryPoint","urlTemplate":"https:\/\/vvp.avu.cz\/en\/?s={search_term_string}"},"query-input":"required name=search_term_string"}],"inLanguage":"en-US"}]}},"_links":{"self":[{"href":"https:\/\/vvp.avu.cz\/en\/wp-json\/wp\/v2\/pages\/3538"}],"collection":[{"href":"https:\/\/vvp.avu.cz\/en\/wp-json\/wp\/v2\/pages"}],"about":[{"href":"https:\/\/vvp.avu.cz\/en\/wp-json\/wp\/v2\/types\/page"}],"author":[{"embeddable":true,"href":"https:\/\/vvp.avu.cz\/en\/wp-json\/wp\/v2\/users\/5"}],"replies":[{"embeddable":true,"href":"https:\/\/vvp.avu.cz\/en\/wp-json\/wp\/v2\/comments?post=3538"}],"version-history":[{"count":1,"href":"https:\/\/vvp.avu.cz\/en\/wp-json\/wp\/v2\/pages\/3538\/revisions"}],"predecessor-version":[{"id":3811,"href":"https:\/\/vvp.avu.cz\/en\/wp-json\/wp\/v2\/pages\/3538\/revisions\/3811"}],"wp:attachment":[{"href":"https:\/\/vvp.avu.cz\/en\/wp-json\/wp\/v2\/media?parent=3538"}],"curies":[{"name":"wp","href":"https:\/\/api.w.org\/{rel}","templated":true}]}}

<p>The public screenings of curatorial selections from the AVU Research Centre video archive.</p>
<h3>
20 November 2012 / videoart VI / VIDEOKINO AT THE START OF THE CENTURY</h3>
<p>The exhibition Beginnings of the Century presented Czech visual art of the first decade of the 21st century in spring 2012 at the Central Bohemia Gallery in Plzeň. Pavlína Morganová, who created the show, attempted to uncover the most crucial elements that influenced the latest generation of Czech artists. The exhibition included a videokino with four-hour programme divided into three parts: video performance, the possibilities of media, and stories. Exclusively repeated at Café Sladkovský.</p>
<p>Introduced by Pavlína Morganová, Sláva Sobotovičová and Blanka Švédová</p>
<h3>16 October 2012 / videoart V / JIŘÍ ČERNICKÝ</h3>
<p>Jiří Černický (b. 1966) works with a wide range of media. He treats video as the mediator of information hidden behind the image, appropriates film material, fills space, makes time visible, and layers mental traces. At the Café Sladkovský he presented his latest works in the sphere of moving image and spoke of their links to his other work.</p>
<p>Introduced by Sláva Sobotovičová and Blanka Švédová</p>
<h3>22 May 2012 / videoart IV / “SMET BROS”: MATĚJ AND FILIP SMETANA</h3>
<p>Matěj and Filip are brothers. Both are artists who studied at FaVU, Brno. Matěj (b. 1980) is mainly interested in the animated image, Filip (b. 1983) in object and installation. Both question the desire of 60s minimalism for perfection and both like cars and films. Both work with the possibilities of perception, materiality and process.</p>
<p>Introduced by Terezie Nekvindová and Sláva Sobotovičová</p>
<h3>13 March 2012 / videoart III / Denisa VÁCLAVOVÁ, AN EVENING OF CONTEMPORARY CZECH VIDEO ART (a reverberation of the Prague Quadrennial 2011)</h3>
<p>The curator Denisa Václavová (www.ctyridny.cz) offered her take of contemporary Czech video art at this year’s Prague Quadrennial. The films shown displayed various approaches and themes of Czech site-specific, video-performance, video installation, visually interventional and conceptual, political and social documentary video art.</p>
<p>Artists presented:<br />
Dušan Zahoranský // Tomáš Svoboda // Zbyněk Baladrán // Eva Jiřička // Jan Nálevka // Adam Vačkář // Aneta Mona Chisa + Lucie Tkáčová // Jakub Nepraš // Sláva Sobotovičová // Radim Labuda // Ondřej Brody // Michal Pěchouček // Jan Pfeiffer // Martin Kohout // Marek Ther</p>
<p>Introduced by Terezie Nekvindová and Sláva Sobotovičová</p>
<h3>24 May 2011 / videoart II / ESTER GEISLEROVÁ AND JAN KADLEC</h3>
<p>The filmmaking duo Ester Geislerová and Jan Kadlec have intersected many times, almost unwittingly yet precisely. Independently of each other they question the meaning of creativity and encounter each other in a subtle and lightly chilled eroticism. Both artists have appeared in each other’s films, not as actors but rather as mirrors, close up and in a harsh light.</p>
<p>Ester Geislerová (b. 1984) graduated from AVU in 2012, Jan Kadlec (b. 1976) graduated from AVU in 2002 and now works at FAMU.</p>
<p>Introduced by Terezie Nekvindová and Sláva Sobotovičová</p>
<h3>26 April 2011 / videoart I / VÍT SOUKUP &amp; MICHAL PĚCHOUČEK</h3>
<p>Michal Pěchouček (b. 1973) introduced his own videos and those of his friend, the painter and performer Vít Soukup (1971–2007). At the end of the 1990s Pěchouček wore a sweat shirt with SOUKUP sewn by hand on the chest. When he slept at the Soukup’s studio his bed was made of gazelle skin.</p>
<p>Introduced by Terezie Nekvindová and Sláva Sobotovičová</p>

<p>The public screenings of curatorial selections from the AVU Research Centre video archive. 20 November 2012 / videoart VI / VIDEOKINO AT THE START OF THE CENTURY The exhibition Beginnings of the Century presented Czech visual art of the first decade of the 21st century in spring 2012 at the Central Bohemia Gallery in Plzeň. [&hellip;]</p>

<!-- This site is optimized with the Yoast SEO plugin v19.6.1 - https://yoast.com/wordpress/plugins/seo/ -->
<title>Videoart Cycle - VVP AVU</title>
<meta name="robots" content="index, follow, max-snippet:-1, max-image-preview:large, max-video-preview:-1" />
<link rel="canonical" href="https://vvp.avu.cz/en/videoart-cycle/" />
<meta property="og:locale" content="en_US" />
<meta property="og:type" content="article" />
<meta property="og:title" content="Videoart Cycle - VVP AVU" />
<meta property="og:description" content="The public screenings of curatorial selections from the AVU Research Centre video archive. 20 November 2012 / videoart VI / VIDEOKINO AT THE START OF THE CENTURY The exhibition Beginnings of the Century presented Czech visual art of the first decade of the 21st century in spring 2012 at the Central Bohemia Gallery in Plzeň. [&hellip;]" />
<meta property="og:url" content="https://vvp.avu.cz/en/videoart-cycle/" />
<meta property="og:site_name" content="VVP AVU" />
<meta property="article:publisher" content="https://www.facebook.com/VVPAVU/" />
<meta property="article:modified_time" content="2022-04-27T21:15:30+00:00" />
<meta name="twitter:card" content="summary_large_image" />
<meta name="twitter:label1" content="Est. reading time" />
	<meta name="twitter:data1" content="3 minutes" />
<script type="application/ld+json" class="yoast-schema-graph">{"@context":"https://schema.org","@graph":[{"@type":"WebPage","@id":"https://vvp.avu.cz/en/videoart-cycle/","url":"https://vvp.avu.cz/en/videoart-cycle/","name":"Videoart Cycle - VVP AVU","isPartOf":{"@id":"https://vvp.avu.cz/en/#website"},"datePublished":"2014-11-06T13:01:09+00:00","dateModified":"2022-04-27T21:15:30+00:00","breadcrumb":{"@id":"https://vvp.avu.cz/en/videoart-cycle/#breadcrumb"},"inLanguage":"en-US","potentialAction":[{"@type":"ReadAction","target":["https://vvp.avu.cz/en/videoart-cycle/"]}]},{"@type":"BreadcrumbList","@id":"https://vvp.avu.cz/en/videoart-cycle/#breadcrumb","itemListElement":[{"@type":"ListItem","position":1,"name":"Domů","item":"https://vvp.avu.cz/en/"},{"@type":"ListItem","position":2,"name":"Videoart Cycle"}]},{"@type":"WebSite","@id":"https://vvp.avu.cz/en/#website","url":"https://vvp.avu.cz/en/","name":"VVP AVU","description":"posilujeme výzkum a vědu o umění a otevíráme ji veřejnosti","potentialAction":[{"@type":"SearchAction","target":{"@type":"EntryPoint","urlTemplate":"https://vvp.avu.cz/en/?s={search_term_string}"},"query-input":"required name=search_term_string"}],"inLanguage":"en-US"}]}</script>
<!-- / Yoast SEO plugin. -->

The public screenings of curatorial selections from the AVU Research Centre video archive. 20 November 2012 / videoart VI / VIDEOKINO AT THE START OF THE CENTURY The exhibition Beginnings of the Century presented Czech visual art of the first decade of the 21st century in spring 2012 at the Central Bohemia Gallery in Plzeň. [&hellip;]

Domů

posilujeme výzkum a vědu o umění a otevíráme ji veřejnosti
