{"id":3551,"date":"2014-11-03T08:56:43","date_gmt":"2014-11-03T07:56:43","guid":{"rendered":"https:\/\/vvp.avu.cz\/home-2\/"},"modified":"2022-04-27T22:15:28","modified_gmt":"2022-04-27T21:15:28","slug":"home-2","status":"publish","type":"page","link":"https:\/\/vvp.avu.cz\/en\/home-2\/","title":{"rendered":"Home"},"content":{"rendered":"<h2 class=\"title\">The Se\u0161it Reader. The First Ten Years of Notebook for Art, Theory and Related Zones 2007\u20132017<\/h2>\n<p><a href=\"https:\/\/vvp.avu.cz\/app\/uploads\/2014\/11\/obalka_reader001.jpg\"><img loading=\"lazy\" class=\"aligncenter wp-image-2564 size-medium\" src=\"https:\/\/vvp.avu.cz\/app\/uploads\/2014\/11\/obalka_reader001-300x428.jpg\" alt=\"\" width=\"300\" height=\"428\" \/><\/a><\/p>\n<p>Notebook for Art, Theory and Related Zones is a peer-reviewed Czech journal specialising in interdisciplinary reflections upon modern and contemporary art within a broader theoretical and social context. The selection of texts from the first ten years of Notebook offers both a comprehensive overview of the transformations to have taken place in Czech culture since the Second World War and contributions to current debates taking place on an International leve in the sphere of art and theory.<br \/>\n\/ Anglick\u00fd v\u00fdb\u011br esej\u00ed publikovan\u00fdch v odborn\u00e9m periodiku\u00a0 Se\u0161it pro um\u011bn\u00ed, teorii a p\u0159\u00edbuzn\u00e9 z\u00f3ny za posledn\u00edch deset let.<\/p>\n<p>Introductory texts by \/ \u00davodn\u00ed texty Viktor Misiano, Sven Spieker.<\/p>\n<p>ISBN 978-80-87108-92-5<\/p>\n","protected":false},"excerpt":{"rendered":"<p>The Se\u0161it Reader. The First Ten Years of Notebook for Art, Theory and Related Zones 2007\u20132017 Notebook for Art, Theory and Related Zones is a peer-reviewed Czech journal specialising in interdisciplinary reflections upon modern and contemporary art within a broader theoretical and social context. The selection of texts from the first ten years of Notebook [&hellip;]<\/p>\n","protected":false},"author":5,"featured_media":0,"parent":0,"menu_order":55,"comment_status":"closed","ping_status":"open","template":"","meta":{"inline_featured_image":false},"acf":[],"yoast_head":"<!-- This site is optimized with the Yoast SEO plugin v19.6.1 - https:\/\/yoast.com\/wordpress\/plugins\/seo\/ -->\n<title>Home - VVP AVU<\/title>\n<meta name=\"robots\" content=\"index, follow, max-snippet:-1, max-image-preview:large, max-video-preview:-1\" \/>\n<link rel=\"canonical\" href=\"https:\/\/vvp.avu.cz\/en\/home-2\/\" \/>\n<meta property=\"og:locale\" content=\"en_US\" \/>\n<meta property=\"og:type\" content=\"article\" \/>\n<meta property=\"og:title\" content=\"Home - VVP AVU\" \/>\n<meta property=\"og:description\" content=\"The Se\u0161it Reader. The First Ten Years of Notebook for Art, Theory and Related Zones 2007\u20132017 Notebook for Art, Theory and Related Zones is a peer-reviewed Czech journal specialising in interdisciplinary reflections upon modern and contemporary art within a broader theoretical and social context. The selection of texts from the first ten years of Notebook [&hellip;]\" \/>\n<meta property=\"og:url\" content=\"https:\/\/vvp.avu.cz\/en\/home-2\/\" \/>\n<meta property=\"og:site_name\" content=\"VVP AVU\" \/>\n<meta property=\"article:publisher\" content=\"https:\/\/www.facebook.com\/VVPAVU\/\" \/>\n<meta property=\"article:modified_time\" content=\"2022-04-27T21:15:28+00:00\" \/>\n<meta property=\"og:image\" content=\"https:\/\/vvp.avu.cz\/app\/uploads\/2014\/11\/obalka_reader001-300x428.jpg\" \/>\n<meta name=\"twitter:card\" content=\"summary_large_image\" \/>\n<meta name=\"twitter:label1\" content=\"Est. reading time\" \/>\n\t<meta name=\"twitter:data1\" content=\"1 minute\" \/>\n<script type=\"application\/ld+json\" class=\"yoast-schema-graph\">{\"@context\":\"https:\/\/schema.org\",\"@graph\":[{\"@type\":\"WebPage\",\"@id\":\"https:\/\/vvp.avu.cz\/en\/home-2\/\",\"url\":\"https:\/\/vvp.avu.cz\/en\/home-2\/\",\"name\":\"Home - VVP AVU\",\"isPartOf\":{\"@id\":\"https:\/\/vvp.avu.cz\/en\/#website\"},\"datePublished\":\"2014-11-03T07:56:43+00:00\",\"dateModified\":\"2022-04-27T21:15:28+00:00\",\"breadcrumb\":{\"@id\":\"https:\/\/vvp.avu.cz\/en\/home-2\/#breadcrumb\"},\"inLanguage\":\"en-US\",\"potentialAction\":[{\"@type\":\"ReadAction\",\"target\":[\"https:\/\/vvp.avu.cz\/en\/home-2\/\"]}]},{\"@type\":\"BreadcrumbList\",\"@id\":\"https:\/\/vvp.avu.cz\/en\/home-2\/#breadcrumb\",\"itemListElement\":[{\"@type\":\"ListItem\",\"position\":1,\"name\":\"Dom\u016f\",\"item\":\"https:\/\/vvp.avu.cz\/en\/\"},{\"@type\":\"ListItem\",\"position\":2,\"name\":\"Home\"}]},{\"@type\":\"WebSite\",\"@id\":\"https:\/\/vvp.avu.cz\/en\/#website\",\"url\":\"https:\/\/vvp.avu.cz\/en\/\",\"name\":\"VVP AVU\",\"description\":\"posilujeme v\u00fdzkum a v\u011bdu o um\u011bn\u00ed a otev\u00edr\u00e1me ji ve\u0159ejnosti\",\"potentialAction\":[{\"@type\":\"SearchAction\",\"target\":{\"@type\":\"EntryPoint\",\"urlTemplate\":\"https:\/\/vvp.avu.cz\/en\/?s={search_term_string}\"},\"query-input\":\"required name=search_term_string\"}],\"inLanguage\":\"en-US\"}]}<\/script>\n<!-- \/ Yoast SEO plugin. -->","yoast_head_json":{"title":"Home - VVP AVU","robots":{"index":"index","follow":"follow","max-snippet":"max-snippet:-1","max-image-preview":"max-image-preview:large","max-video-preview":"max-video-preview:-1"},"canonical":"https:\/\/vvp.avu.cz\/en\/home-2\/","og_locale":"en_US","og_type":"article","og_title":"Home - VVP AVU","og_description":"The Se\u0161it Reader. The First Ten Years of Notebook for Art, Theory and Related Zones 2007\u20132017 Notebook for Art, Theory and Related Zones is a peer-reviewed Czech journal specialising in interdisciplinary reflections upon modern and contemporary art within a broader theoretical and social context. The selection of texts from the first ten years of Notebook [&hellip;]","og_url":"https:\/\/vvp.avu.cz\/en\/home-2\/","og_site_name":"VVP AVU","article_publisher":"https:\/\/www.facebook.com\/VVPAVU\/","article_modified_time":"2022-04-27T21:15:28+00:00","og_image":[{"url":"https:\/\/vvp.avu.cz\/app\/uploads\/2014\/11\/obalka_reader001-300x428.jpg"}],"twitter_card":"summary_large_image","twitter_misc":{"Est. reading time":"1 minute"},"schema":{"@context":"https:\/\/schema.org","@graph":[{"@type":"WebPage","@id":"https:\/\/vvp.avu.cz\/en\/home-2\/","url":"https:\/\/vvp.avu.cz\/en\/home-2\/","name":"Home - VVP AVU","isPartOf":{"@id":"https:\/\/vvp.avu.cz\/en\/#website"},"datePublished":"2014-11-03T07:56:43+00:00","dateModified":"2022-04-27T21:15:28+00:00","breadcrumb":{"@id":"https:\/\/vvp.avu.cz\/en\/home-2\/#breadcrumb"},"inLanguage":"en-US","potentialAction":[{"@type":"ReadAction","target":["https:\/\/vvp.avu.cz\/en\/home-2\/"]}]},{"@type":"BreadcrumbList","@id":"https:\/\/vvp.avu.cz\/en\/home-2\/#breadcrumb","itemListElement":[{"@type":"ListItem","position":1,"name":"Dom\u016f","item":"https:\/\/vvp.avu.cz\/en\/"},{"@type":"ListItem","position":2,"name":"Home"}]},{"@type":"WebSite","@id":"https:\/\/vvp.avu.cz\/en\/#website","url":"https:\/\/vvp.avu.cz\/en\/","name":"VVP AVU","description":"posilujeme v\u00fdzkum a v\u011bdu o um\u011bn\u00ed a otev\u00edr\u00e1me ji ve\u0159ejnosti","potentialAction":[{"@type":"SearchAction","target":{"@type":"EntryPoint","urlTemplate":"https:\/\/vvp.avu.cz\/en\/?s={search_term_string}"},"query-input":"required name=search_term_string"}],"inLanguage":"en-US"}]}},"_links":{"self":[{"href":"https:\/\/vvp.avu.cz\/en\/wp-json\/wp\/v2\/pages\/3551"}],"collection":[{"href":"https:\/\/vvp.avu.cz\/en\/wp-json\/wp\/v2\/pages"}],"about":[{"href":"https:\/\/vvp.avu.cz\/en\/wp-json\/wp\/v2\/types\/page"}],"author":[{"embeddable":true,"href":"https:\/\/vvp.avu.cz\/en\/wp-json\/wp\/v2\/users\/5"}],"replies":[{"embeddable":true,"href":"https:\/\/vvp.avu.cz\/en\/wp-json\/wp\/v2\/comments?post=3551"}],"version-history":[{"count":1,"href":"https:\/\/vvp.avu.cz\/en\/wp-json\/wp\/v2\/pages\/3551\/revisions"}],"predecessor-version":[{"id":3791,"href":"https:\/\/vvp.avu.cz\/en\/wp-json\/wp\/v2\/pages\/3551\/revisions\/3791"}],"wp:attachment":[{"href":"https:\/\/vvp.avu.cz\/en\/wp-json\/wp\/v2\/media?parent=3551"}],"curies":[{"name":"wp","href":"https:\/\/api.w.org\/{rel}","templated":true}]}}

<h2 class="title">The Sešit Reader. The First Ten Years of Notebook for Art, Theory and Related Zones 2007–2017</h2>
<p><a href="https://vvp.avu.cz/app/uploads/2014/11/obalka_reader001.jpg"><img loading="lazy" class="aligncenter wp-image-2564 size-medium" src="https://vvp.avu.cz/app/uploads/2014/11/obalka_reader001-300x428.jpg" alt="" width="300" height="428" /></a></p>
<p>Notebook for Art, Theory and Related Zones is a peer-reviewed Czech journal specialising in interdisciplinary reflections upon modern and contemporary art within a broader theoretical and social context. The selection of texts from the first ten years of Notebook offers both a comprehensive overview of the transformations to have taken place in Czech culture since the Second World War and contributions to current debates taking place on an International leve in the sphere of art and theory.<br />
/ Anglický výběr esejí publikovaných v odborném periodiku  Sešit pro umění, teorii a příbuzné zóny za posledních deset let.</p>
<p>Introductory texts by / Úvodní texty Viktor Misiano, Sven Spieker.</p>
<p>ISBN 978-80-87108-92-5</p>

<p>The Sešit Reader. The First Ten Years of Notebook for Art, Theory and Related Zones 2007–2017 Notebook for Art, Theory and Related Zones is a peer-reviewed Czech journal specialising in interdisciplinary reflections upon modern and contemporary art within a broader theoretical and social context. The selection of texts from the first ten years of Notebook [&hellip;]</p>

<!-- This site is optimized with the Yoast SEO plugin v19.6.1 - https://yoast.com/wordpress/plugins/seo/ -->
<title>Home - VVP AVU</title>
<meta name="robots" content="index, follow, max-snippet:-1, max-image-preview:large, max-video-preview:-1" />
<link rel="canonical" href="https://vvp.avu.cz/en/home-2/" />
<meta property="og:locale" content="en_US" />
<meta property="og:type" content="article" />
<meta property="og:title" content="Home - VVP AVU" />
<meta property="og:description" content="The Sešit Reader. The First Ten Years of Notebook for Art, Theory and Related Zones 2007–2017 Notebook for Art, Theory and Related Zones is a peer-reviewed Czech journal specialising in interdisciplinary reflections upon modern and contemporary art within a broader theoretical and social context. The selection of texts from the first ten years of Notebook [&hellip;]" />
<meta property="og:url" content="https://vvp.avu.cz/en/home-2/" />
<meta property="og:site_name" content="VVP AVU" />
<meta property="article:publisher" content="https://www.facebook.com/VVPAVU/" />
<meta property="article:modified_time" content="2022-04-27T21:15:28+00:00" />
<meta property="og:image" content="https://vvp.avu.cz/app/uploads/2014/11/obalka_reader001-300x428.jpg" />
<meta name="twitter:card" content="summary_large_image" />
<meta name="twitter:label1" content="Est. reading time" />
	<meta name="twitter:data1" content="1 minute" />
<script type="application/ld+json" class="yoast-schema-graph">{"@context":"https://schema.org","@graph":[{"@type":"WebPage","@id":"https://vvp.avu.cz/en/home-2/","url":"https://vvp.avu.cz/en/home-2/","name":"Home - VVP AVU","isPartOf":{"@id":"https://vvp.avu.cz/en/#website"},"datePublished":"2014-11-03T07:56:43+00:00","dateModified":"2022-04-27T21:15:28+00:00","breadcrumb":{"@id":"https://vvp.avu.cz/en/home-2/#breadcrumb"},"inLanguage":"en-US","potentialAction":[{"@type":"ReadAction","target":["https://vvp.avu.cz/en/home-2/"]}]},{"@type":"BreadcrumbList","@id":"https://vvp.avu.cz/en/home-2/#breadcrumb","itemListElement":[{"@type":"ListItem","position":1,"name":"Domů","item":"https://vvp.avu.cz/en/"},{"@type":"ListItem","position":2,"name":"Home"}]},{"@type":"WebSite","@id":"https://vvp.avu.cz/en/#website","url":"https://vvp.avu.cz/en/","name":"VVP AVU","description":"posilujeme výzkum a vědu o umění a otevíráme ji veřejnosti","potentialAction":[{"@type":"SearchAction","target":{"@type":"EntryPoint","urlTemplate":"https://vvp.avu.cz/en/?s={search_term_string}"},"query-input":"required name=search_term_string"}],"inLanguage":"en-US"}]}</script>
<!-- / Yoast SEO plugin. -->

The Sešit Reader. The First Ten Years of Notebook for Art, Theory and Related Zones 2007–2017 Notebook for Art, Theory and Related Zones is a peer-reviewed Czech journal specialising in interdisciplinary reflections upon modern and contemporary art within a broader theoretical and social context. The selection of texts from the first ten years of Notebook [&hellip;]

Domů

posilujeme výzkum a vědu o umění a otevíráme ji veřejnosti
